-7 - -13. Calculate the remainder when 93 is divided by 5 + 30 - c/2.
29
Suppose 2 + 8 = -w. Suppose -u - 2 = 2*u - 2*i, -6 = -5*u + i. What is the remainder when (-44)/w - (-3)/5 is divided by u?
1
Let h = -9 - -11. Suppose b = -2*b + 4*m - 5, 2*b = h*m. Suppose -57 = 2*a - b*a. What is the remainder when a is divided by 7?
5
Let n = 66 - 47. What is the remainder when n is divided by 11?
8
Let x(y) = y**3 - 3*y**2 - 7*y + 7. What is the remainder when 43 is divided by x(5)?
21
Let y be (-546)/35 - 4/10. What is the remainder when (76/y)/((-1)/4) is divided by 10?
9
Suppose 2*b + q + 25 = -5, -2*q = -5*b - 75. What is the remainder when 3 is divided by -2*(2 - b/(-6))?
0
Suppose -2*v + 0*v = -d + 24, d + 4*v = 6. Suppose 4*g = 3 + 17. Calculate the remainder when d is divided by g.
3
Suppose 0 = -p - n + 6*n + 24, 0 = -3*n - 12. Suppose 0 = 5*s - 4*m - 11 - 81, s - 31 = 5*m. Calculate the remainder when (-58)/(-8) - 4/s is divided by p.
3
Let h be (-28)/(-6) - 4/6. Suppose -h*p + 1 = 2*k - 11, 0 = -5*k + 4*p + 30. What is the remainder when k is divided by (-8)/3*(-3)/2?
2
Let p = 32 + 32. Calculate the remainder when p is divided by 22.
20
Let r(k) = 10*k - 3. Let s = 14 + -2. What is the remainder when r(s) is divided by 30?
27
Suppose 0 = l + 2*l - 60. What is the remainder when 39 is divided by l?
19
Let d = 5 - 2. Suppose -b - 6 = -43. Suppose -b + 5 = -4*g. Calculate the remainder when g is divided by d.
2
Suppose -4*u + 4*l = l - 9, 0 = -5*l + 5. Let w be (u/(-6) - -2)*24. Let k = -17 + w. What is the remainder when 35 is divided by k?
16
Let i(a) = -a**2 + 13*a - 8. Calculate the remainder when i(5) is divided by 17.
15
Let z = 47 - 16. What is the remainder when 153 is divided by z?
29
Suppose 4 = 6*r - 2*r. Suppose f = -0*f + 5*b + 4, 20 = 5*f + 2*b. Calculate the remainder when f is divided by (1 - 2/(-1))*r.
1
Suppose q + 99 = 4*q. Suppose -16 = -n - 3*n. Suppose -3*r + 2*a + 2*a = -71, n*r - 4*a - 88 = 0. Calculate the remainder when q is divided by r.
16
Let w(j) = -12*j**2 + 1 - 2 + 2*j + 32*j**2 - j. Calculate the remainder when w(1) is divided by 11.
9
Calculate the remainder when 5/20*(-152)/(-2) is divided by 11.
8
Let g(j) = 3*j**2 - 3*j + 5. What is the remainder when 90 is divided by g(3)?
21
What is the remainder when 13 is divided by (4 - 52/12)*-15?
3
Suppose -5*l + 60 = 3*i, 5*i - 6*l + 2*l = 137. Calculate the remainder when i is divided by 13.
12
Suppose -3*b + 686 = 5*i, 3*i = 5*b + 502 - 104. Suppose -3*r + 104 = 5*m, 3*r - 8*r + m + i = 0. Calculate the remainder when r is divided by 10.
8
Suppose -4*y - y + 685 = 4*m, m + 411 = 3*y. Calculate the remainder when y is divided by 35.
32
Calculate the remainder when 81 is divided by (-2775)/(-125) + (-1)/5.
15
Let d = 24 - 25. Let w(t) = t**3 - 2*t**2 - 2*t - 1. Let s be w(3). Calculate the remainder when 12 is divided by d/(39/21 - s).
5
Let o(u) = u - 2. Let h(p) = -3*p + 6. Let b(s) = 2*h(s) + 7*o(s). Let v be b(4). What is the remainder when 76 is divided by -6 - (-1 - v) - -29?
24
Let o(k) = k**2 + k + 3. Suppose 2*q + 3 = 3*j, 2*q + 3*j = 5*j + 2. Calculate the remainder when o(-4) is divided by q.
3
Suppose -4*i = 61 + 75. Let h = i + 47. Suppose -4*c + 15 = -c. What is the remainder when h is divided by c?
3
Suppose 0 = 7*z - 3*z - 104. Suppose 0 = -q + 3*q - z. Calculate the remainder when q is divided by 7.
6
Let g(b) = -b + 4. Let j be g(4). Suppose j*n = -n + 1. What is the remainder when 41 is divided by (63/(-6))/(n/(-2))?
20
Suppose 5*k - 171 + 27 = -t, -k + 5*t + 34 = 0. Calculate the remainder when 113 is divided by k.
26
Suppose 4*q - 402 - 242 = 0. Calculate the remainder when q is divided by 41.
38
Suppose 5*n = 5*v - 22 - 63, v + n - 19 = 0. What is the remainder when v is divided by 11?
7
Suppose 0 = x - 25 + 16. Let s(f) = -4*f**3 + 5*f**3 + f**2 - 2*f**2 + 17. Calculate the remainder when s(0) is divided by x.
8
Let f(u) = -13*u**3 - u. Let q(o) = o. What is the remainder when f(-1) is divided by q(5)?
4
Let r be 18/1 + 5 + -3. Suppose 5*o - r + 5 = 0. Let t = 0 - -2. What is the remainder when o is divided by t?
1
Suppose 0 = 2*x + 2*x - 20. Let u(m) be the second derivative of -m**3/6 + m**2/2 + m. What is the remainder when u(-16) is divided by x?
2
Let c(p) = -p**3 - 3*p**2 - 2*p - 1. Calculate the remainder when 16 is divided by c(-3).
1
Suppose 0 = -g - 4*h + 28, -g - h + 6*h = -19. Calculate the remainder when g is divided by 7.
3
Let z(v) be the first derivative of -9*v**2/2 + 3*v + 1. Let d(i) = 3*i**2 + i + 1. What is the remainder when z(-3) is divided by d(-2)?
8
Suppose -1 + 11 = z. Calculate the remainder when 39 is divided by z.
9
Let z(o) = o**3 - 12*o**2 - 10*o - 32. What is the remainder when 11 is divided by z(13)?
4
Suppose 5*f = q - 88, 8*q - 5*q = 5*f + 244. Calculate the remainder when q is divided by 20.
18
Let x(f) = 10*f**2. What is the remainder when 37 is divided by x(1)?
7
Suppose 4*f - 7*f = 42. Suppose -2*v = v - 27. Calculate the remainder when (-1038)/(-42) - 4/f is divided by v.
7
Let w(h) = h**2 + 2*h - 6. Calculate the remainder when w(6) is divided by 11.
9
Let q(v) = -v**2 - 3*v + 32. Calculate the remainder when q(0) is divided by 12.
8
Suppose -4*g = 2*v + 3*v - 48, -20 = -4*g + 2*v. Let h(k) = k**3 + 8*k**2 + 7*k - 2. Let s be h(-7). What is the remainder when 21 + -1 + s + 2 is divided by g?
6
Suppose 5*o - b - 145 = -6*b, -2*o + 4*b = -52. Let p(j) = j**3 - 13*j**2 + 14*j - 14. Calculate the remainder when o is divided by p(12).
8
Suppose 3*d - 54 - 6 = 0. Calculate the remainder when 79 is divided by d.
19
Let g(s) = -12*s - 8. Let o be g(-6). Let h = 114 - o. Calculate the remainder when h is divided by 13.
11
Suppose -h = -5 - 1. What is the remainder when 7 is divided by h?
1
Calculate the remainder when (0/(-1) + (-49)/(-2))*2 is divided by 13.
10
Let x(y) = -y - 19. Let d be x(0). Suppose 15*q = 12*q - 171. Let a = d - q. Calculate the remainder when a is divided by 20.
18
Suppose -2*m = 3*y + 28, 4*m - 8*m + 24 = -2*y. Let h(w) = -w**2 - 10*w + 13. Calculate the remainder when 25 is divided by h(y).
12
Let m(w) = -2*w + 7. Let f(x) = 13*x**2 + 2*x + 2. Calculate the remainder when f(-2) is divided by m(-3).
11
Suppose -3*c + 6 = k - 3, 3*k - 5*c = 83. Calculate the remainder when k is divided by 8.
5
Let o be ((-2)/(-4))/(2/(-8)). Let i be 12/o*(-8)/12. Suppose -118 = -i*g - 2. What is the remainder when g is divided by 6?
5
Suppose 5*i = 4*i - 5*u + 162, 4*u + 8 = 0. What is the remainder when i is divided by 58?
56
Let v = 8 - 4. Suppose -3*g + 54 = 5*d, 5*d = 4*g - 33 - v. Let p = -52 + 76. What is the remainder when p is divided by g?
11
Let s = 29 - 27. Suppose -f + 5*b = s*b - 30, 0 = -3*f - 5*b + 76. Calculate the remainder when f is divided by 14.
13
Let f(k) = -k**3 + k**2 - k + 222. Calculate the remainder when f(0) is divided by 32.
30
Suppose -2*b - 3*j = -61, 6*b - 155 = b - 5*j. What is the remainder when b is divided by 19 - -1 - 4/2?
14
Suppose -4*g - 3*w = -3*g, -2*g - 2*w = 0. Let a = g + 5. What is the remainder when 7 is divided by a?
2
Let x = 16 - 11. Suppose 0 = -x*k + k + 28. Calculate the remainder when 12 is divided by k.
5
Let k = 6 + 0. Suppose -3*o - o - 8 = 0. Calculate the remainder when k is divided by 3 + 1 + (o - -2).
2
Let f(z) = -z**3 - 11*z**2 + 10*z + 15. What is the remainder when f(-12) is divided by 20?
19
Let m(i) = -i**3 - i - 2. Let y(l) = 4*l**3 - 3*l**2 + 2. What is the remainder when y(2) is divided by m(-2)?
6
Suppose 3*p - m - 521 = 0, -4*p - 7*m + 673 = -4*m. What is the remainder when p is divided by 29?
27
Suppose 0 = 4*u - 2*i - 458, u + 91 = 3*i + 213. What is the remainder when u is divided by 29?
26
Let p(q) = 3*q**2 + 4*q + 1. Let y(k) = -k**3 - 4*k**2 + 6*k + 2. Let v be y(-5). What is the remainder when 47 is divided by p(v)?
15
Let l = -2 - -5. Suppose 0 = 3*j - 2*j - 4. Suppose l*d + j*r - 83 + 10 = 0, 5*d + r = 99. What is the remainder when d is divided by 10?
9
Let n(x) = -x - 2. Let r be n(-4). Suppose 2*p + u = -0*p + 56, -3*u - 72 = -r*p. Calculate the remainder when p is divided by 11.
8
Let h(k) = -k**2 + k + 73. Calculate the remainder when h(0) is divided by 18 + 4/(2 - -2).
16
Let q = 27 + 75. What is the remainder w